11101 (base 2) to base 13
1268
210211021 (base 3) to base 11
10a54
-10012102 (base 3) to base 11
-1831
What is -2472 (base 11) in base 10?
-3225
Convert -20110 (base 5) to base 15.
-5a5
What is -10887 (base 9) in base 12?
-4274
2100 (base 3) to base 9
70
Convert -19008 (base 10) to base 13.
-8862
Convert a501 (base 14) to base 9.
42878
What is 517 (base 11) in base 12?
43b
425 (base 6) to base 13
c5
db4d (base 14) to base 12
19b21
What is 302320 (base 5) in base 15?
2d25
-120 (base 12) to base 7
-330
-1231330 (base 4) to base 15
-2141
What is 10031220 (base 4) in base 14?
6408
What is -11110110001 (base 2) in base 8?
-3661
What is -131405 (base 6) in base 7?
-50033
243205 (base 7) to base 11
30359
707 (base 16) to base 6
12155
What is -2660 (base 14) in base 12?
-3aa4
Convert -5700 (base 10) to base 5.
-140300
-a2a (base 12) to base 7
-4204
Convert 12102 (base 3) to base 8.
222
Convert 1414 (base 5) to base 8.
352
1574 (base 16) to base 2
1010101110100
52010 (base 7) to base 5
401243
Convert -4504 (base 11) to base 5.
-142213
What is 25c (base 13) in base 10?
415
Convert 10702 (base 8) to base 11.
3463
Convert -283a (base 16) to base 11.
-7812
What is -102312 (base 4) in base 5?
-14311
-32357 (base 9) to base 12
-104a4
What is 12116 (base 8) in base 2?
1010001001110
Convert 43554 (base 7) to base 8.
25245
5621 (base 7) to base 6
13212
-15e07 (base 15) to base 9
-116827
1402 (base 5) to base 8
343
Convert -210210 (base 3) to base 4.
-21030
What is b0 (base 13) in base 2?
10001111
131112 (base 4) to base 16
756
Convert -1110010100 (base 2) to base 4.
-32110
Convert 1011111010 (base 2) to base 13.
468
145222 (base 6) to base 13
6578
Convert -3006 (base 10) to base 5.
-44011
200220 (base 3) to base 16
1fe
-10220 (base 3) to base 4
-1221
11212112 (base 3) to base 13
1802
What is 3333 (base 6) in base 2?
1100001001
bc (base 13) to base 2
10011011
Convert -162c3 (base 13) to base 4.
-22110000
What is -2301231 (base 4) in base 16?
-2c6d
What is 2736 (base 8) in base 5?
22002
3c8 (base 15) to base 14
459
What is 4498 (base 10) in base 14?
18d4
59ac (base 13) to base 6
134320
-2238 (base 10) to base 8
-4276
Convert -9c1 (base 15) to base 12.
-133a
What is 87e (base 16) in base 2?
100001111110
-6c03 (base 16) to base 15
-82d6
What is -2178 (base 11) in base 7?
-11235
Convert -10010022101 (base 3) to base 13.
-21c8b
What is -5ad (base 16) in base 8?
-2655
Convert -1293 (base 10) to base 14.
-685
-5508 (base 9) to base 13
-1b02
What is -30b (base 13) in base 11?
-431
What is -ab5e (base 15) in base 13?
-136b5
-16 (base 15) to base 4
-111
What is 1232 (base 6) in base 15?
158
What is 10011111111 (base 2) in base 4?
103333
Convert -28a5 (base 16) to base 3.
-112021101
2100 (base 4) to base 8
220
What is -1146 (base 9) in base 2?
-1101010100
Convert -100120 (base 6) to base 8.
-17220
Convert 1194 (base 11) to base 5.
22210
Convert 10101000101010 (base 2) to base 15.
32e9
273 (base 13) to base 11
363
Convert -2012200212 (base 3) to base 10.
-43520
Convert 22423 (base 7) to base 5.
140301
Convert 110110110001010 (base 2) to base 6.
333454
What is -2415 (base 6) in base 12?
-40b
What is 46011 (base 7) in base 4?
2312112
-4214 (base 9) to base 16
-c13
What is 8899 (base 11) in base 10?
11724
Convert 14364 (base 13) to base 9.
57033
-16891 (base 10) to base 6
-210111
What is 29 (base 13) in base 6?
55
11363 (base 7) to base 5
43221
What is 1972 (base 10) in base 11?
1533
-116 (base 15) to base 5
-1441
What is -12432 (base 6) in base 9?
-2532
63105 (base 7) to base 9
23220
Convert 5121 (base 6) to base 2.
10001101001
8682 (base 10) to base 4
2013222
What is 71306 (base 9) in base 15?
dd70
-1a635 (base 11) to base 4
-13000223
2c8 (base 13) to base 8
766
What is 700 (base 9) in base 8?
1067
Convert -12011001 (base 4) to base 13.
-b442
What is -173 (base 13) in base 4?
-10013
What is -36d (base 14) in base 12?
-491
Convert 112 (base 13) to base 10.
184
140 (base 16) to base 6
1252
Convert -3178 (base 13) to base 5.
-204414
What is -7098 (base 16) in base 2?
-111000010011000
9c3 (base 16) to base 15
b19
What is 1311 (base 4) in base 3?
11100
Convert -3 (base 11) to base 7.
-3
137 (base 9) to base 11
a5
3240 (base 12) to base 4
1112100
11001011111000 (base 2) to base 6
140224
-18381 (base 13) to base 4
-23122131
What is 4a28 (base 14) in base 5?
403342
Convert 6604 (base 12) to base 9.
16364
214d (base 14) to base 2
1011001111001
-718b (base 13) to base 3
-210111010
What is -465 (base 12) in base 13?
-3b3
-3124 (base 5) to base 4
-12132
What is 120012 (base 3) in base 12?
2a2
-ad3 (base 14) to base 16
-861
What is 2300312 (base 5) in base 3?
2001211200
1111100 (base 3) to base 10
1089
479b (base 16) to base 5
1041311
What is 1a4a9 (base 11) in base 7?
146151
Convert -1000300 (base 4) to base 15.
-1364
What is -112 (base 10) in base 3?
-11011
1100100111 (base 2) to base 6
3423
Convert 3760 (base 12) to base 11.
4785
What is -970 (base 16) in base 15?
-ab1
-343 (base 15) to base 3
-1000100
What is -137 (base 8) in base 13?
-74
Convert -202 (base 8) to base 4.
-2002
What is 23454 (base 6) in base 3?
11200121
What is -132234 (base 5) in base 4?
-1103013
1ac (base 15) to base 2
110000011
-21057 (base 10) to base 2
-101001001000001
Convert -11110101111 (base 2) to base 15.
-8b2
What is -1635 (base 7) in base 10?
-663
Convert -1110001110101001 (base 2) to base 13.
-206b2
Convert -12510 (base 9) to base 13.
-3ab9
Convert 52306 (base 8) to base 13.
9b55
What is 19142 (base 12) in base 15?
ac22
Convert -4ed (base 16) to base 3.
-1201201
Convert 21623 (base 7) to base 15.
193b
Convert 1000000 (base 2) to base 12.
54
What is 1221 (base 4) in base 8?
151
Convert 1054 (base 8) to base 12.
3a4
Convert 1100010110011001 (base 2) to base 16.
c599
What is -110110011 (base 2) in base 6?
-2003
What is -1926 (base 14) in base 7?
-16146
Convert -11401 (base 7) to base 9.
-4027
Convert 85a (base 15) to base 8.
3535
Convert 11111000000 (base 2) to base 15.
8c4
Convert -22310 (base 4) to base 2.
-1010110100
Convert -e73b (base 15) to base 8.
-137361
3569 (base 13) to base 12
442b
What is 1422 (base 6) in base 12?
272
What is 1035523 (base 6) in base 14?
14c55
Convert 496 (base 10) to base 7.
1306
Convert -5871 (base 11) to base 6.
-55353
Convert -11110101110000 (base 2) to base 16.
-3d70
What is -1644 (base 7) in base 10?
-669
What is 53 (base 15) in base 10?
78
Convert -56a6 (base 11) to base 15.
-234c
What is -1428 (base 10) in base 11?
-1089
What is 836 (base 12) in base 8?
2252
What is -11575 (base 12) in base 9?
-34828
Convert -b3 (base 12) to base 2.
-10000111
Convert -36623 (base 10) to base 14.
-d4bd
What is -1535 (base 6) in base 7?
-1136
Convert -100001111101000 (base 2) to base 3.
-212211212
What is -35c (base 14) in base 11?
-55a
What is 113141 (base 5) in base 9?
5644
1030020 (base 4) to base 3
20200110
35660 (base 8) to base 11
10531
What is ff (base 16) in base 11?
212
Convert -110010001 (base 2) to base 6.
-1505
-262 (base 12) to base 5
-2422
What is 10002120211 (base 3) in base 10?
60934
What is -16513 (base 7) in base 9?
-6417
What is 4920 (base 12) in base 10?
8232
3875 (base 9) to base 7
11315
What is -cbb (base 13) in base 5?
-32212
21430 (base 7) to base 12
312a
What is 5850 (base 10) in base 8?
13332
-11713 (base 9) to base 11
-5a04
Convert 1210101211 (base 3) to base 15.
a6c4
What is -21220212 (base 3) in base 9?
-7825
Convert e224 (base 15) to base 7.
256111
Convert 2d (base 15) to base 4.
223
Convert -1616 (base 7) to base 6.
-3002
-25330 (base 6) to base 5
-110143
What is -821 (base 9) in base 13?
-3c4
Convert 3965 (base 16) to base 8.
34545
What is 2580 (base 10) in base 16?
a14
3794 (base 11) to base 9
6702
11756 (base 12) to base 4
11233302
What is -232 (base 7) in base 5?
-441
eada (base 15) to base 4
30020221
What is 646 (base 10) in base 11?
538
Convert 1120 (base 11) to base 5.
21344
What is -101000011101 (base 2) in base 4?
-220131
-10012020 (base 3) to base 14
-bc4
Convert 1344324 (base 5) to base 4.
12312321
What is -5b2 (base 14) in base 4?
-101300
Convert -1001 (base 10) to base 5.
-13001
What is 4138 (base 14) in base 15?
34d2
Convert 120002102 (base 3) to base 16.
2af8
-134153 (base 6) to base 15
-3aec
What is -8ba5 (base 12) in base 7?
-63200
What i